isor of 2556 and 396?
36
Calculate the greatest common divisor of 200 and 1720.
40
Calculate the highest common factor of 264 and 13992.
264
Calculate the greatest common divisor of 183 and 61.
61
What is the highest common factor of 155 and 25?
5
Calculate the greatest common divisor of 1212 and 108.
12
Calculate the highest common divisor of 980 and 84.
28
Calculate the highest common factor of 20 and 510.
10
Calculate the highest common factor of 150 and 13350.
150
Calculate the greatest common factor of 352 and 32.
32
What is the highest common divisor of 493 and 34?
17
What is the greatest common factor of 10 and 8230?
10
What is the greatest common divisor of 690 and 46?
46
Calculate the highest common divisor of 126 and 29736.
126
What is the highest common divisor of 3 and 81?
3
Calculate the highest common factor of 94 and 8.
2
What is the greatest common divisor of 9 and 1?
1
Calculate the highest common divisor of 328 and 861.
41
What is the highest common factor of 6 and 114?
6
Calculate the greatest common factor of 20 and 70.
10
What is the highest common factor of 24 and 204?
12
What is the greatest common divisor of 600 and 48?
24
Calculate the highest common factor of 290 and 232.
58
Calculate the highest common divisor of 161 and 1351.
7
Calculate the greatest common factor of 63 and 36.
9
Calculate the highest common divisor of 195 and 60.
15
Calculate the highest common divisor of 48 and 138.
6
What is the greatest common factor of 800 and 25?
25
Calculate the highest common factor of 27 and 27.
27
What is the greatest common factor of 103 and 309?
103
Calculate the greatest common factor of 1162 and 42.
14
What is the highest common divisor of 520 and 20?
20
Calculate the greatest common factor of 78 and 3666.
78
What is the highest common divisor of 190 and 2945?
95
What is the greatest common factor of 18 and 54?
18
What is the greatest common factor of 238 and 2822?
34
Calculate the greatest common divisor of 255 and 918.
51
What is the greatest common divisor of 1 and 661?
1
What is the greatest common divisor of 402 and 1407?
201
What is the highest common factor of 300 and 9525?
75
Calculate the greatest common divisor of 34 and 544.
34
Calculate the highest common factor of 147 and 42.
21
What is the greatest common divisor of 2 and 4?
2
Calculate the highest common factor of 1904 and 595.
119
Calculate the greatest common divisor of 1587 and 23.
23
Calculate the highest common divisor of 110 and 380.
10
What is the highest common divisor of 531 and 18?
9
Calculate the highest common factor of 86 and 473.
43
Calculate the highest common factor of 63 and 54.
9
Calculate the highest common divisor of 7590 and 15.
15
Calculate the greatest common divisor of 172 and 258.
86
Calculate the greatest common divisor of 1183 and 273.
91
What is the highest common factor of 715 and 299?
13
Calculate the greatest common divisor of 200 and 152.
8
What is the highest common factor of 672 and 42?
42
Calculate the greatest common factor of 3122 and 224.
14
Calculate the highest common divisor of 48 and 20.
4
Calculate the greatest common divisor of 1378 and 52.
26
What is the greatest common factor of 32796 and 72?
36
What is the highest common divisor of 10 and 25?
5
Calculate the highest common factor of 14 and 126.
14
Calculate the highest common divisor of 4410 and 15.
15
What is the highest common factor of 375 and 1440?
15
What is the greatest common divisor of 45 and 9885?
15
Calculate the highest common divisor of 2236 and 1548.
172
What is the highest common factor of 108 and 72?
36
What is the greatest common divisor of 1824 and 57?
57
Calculate the greatest common divisor of 21 and 4956.
21
Calculate the greatest common factor of 258 and 301.
43
What is the highest common divisor of 80 and 112?
16
What is the greatest common divisor of 1513 and 68?
17
What is the highest common factor of 26572 and 730?
146
What is the greatest common factor of 6657 and 63?
21
Calculate the highest common divisor of 237 and 4345.
79
What is the highest common divisor of 88 and 568?
8
Calculate the greatest common divisor of 70 and 938.
14
What is the highest common divisor of 80 and 620?
20
Calculate the highest common divisor of 36 and 23196.
12
What is the highest common divisor of 28 and 44?
4
Calculate the highest common factor of 52 and 8606.
26
What is the highest common divisor of 165 and 220?
55
What is the highest common factor of 144 and 1044?
36
Calculate the highest common factor of 405 and 207.
9
What is the greatest common divisor of 18 and 43218?
18
What is the greatest common divisor of 592 and 962?
74
Calculate the highest common factor of 5625 and 9.
9
What is the highest common factor of 221 and 68?
17
What is the highest common divisor of 16 and 128?
16
What is the highest common factor of 3 and 48?
3
Calculate the greatest common factor of 539 and 49.
49
Calculate the greatest common divisor of 2 and 6.
2
Calculate the highest common factor of 675 and 585.
45
Calculate the highest common divisor of 435 and 15.
15
What is the highest common factor of 3922 and 106?
106
Calculate the highest common divisor of 72 and 2304.
72
What is the highest common factor of 19 and 73?
1
What is the highest common divisor of 2265 and 30?
15
Calculate the highest common factor of 196 and 21.
7
Calculate the greatest common factor of 11 and 1727.
11
Calculate the greatest common divisor of 5311 and 339.
113
What is the highest common divisor of 500 and 100?
100
Calculate the highest common factor of 247 and 13.
13
Calculate the highest common factor of 5 and 3125.
5
What is the highest common divisor of 3 and 129?
3
Calculate the greatest common factor of 341 and 22.
11
What is the greatest common factor of 27 and 27?
27
Calculate the greatest common divisor of 1302 and 42.
42
What is the greatest common factor of 58 and 38?
2
What is the greatest common factor of 743 and 2?
1
Calculate the greatest common factor of 30 and 465.
15
Calculate the greatest common divisor of 24 and 256.
8
Calculate the highest common divisor of 3550 and 200.
50
Calculate the highest common divisor of 986 and 754.
58
Calculate the greatest common divisor of 522 and 493.
29
Calculate the greatest common divisor of 169 and 91.
13
What is the greatest common divisor of 48 and 29?
1
Calculate the highest common factor of 4480 and 1540.
140
Calculate the greatest common factor of 43 and 215.
43
Calculate the greatest common factor of 39248 and 176.
176
What is the greatest common divisor of 6 and 222?
6
What is the greatest common divisor of 112 and 7?
7
What is the highest common divisor of 18 and 558?
18
What is the highest common divisor of 25 and 50?
25
Calculate the greatest common divisor of 128 and 2048.
128
What is the greatest common factor of 91 and 13?
13
What is the highest common divisor of 6 and 44?
2
What is the highest common factor of 3052 and 28?
28
Calculate the highest common factor of 2 and 79.
1
Calculate the highest common divisor of 1600 and 64.
64
What is the highest common factor of 13 and 143?
13
What is the highest common factor of 25 and 55?
5
Calculate the highest common divisor of 13 and 13.
13
What is the greatest common divisor of 3020 and 20?
20
What is the highest common factor of 60 and 9990?
30
Calculate the greatest common factor of 680 and 1530.
170
Calculate the highest common divisor of 31086 and 132.
66
What is the greatest common divisor of 656 and 752?
16
What is the greatest common factor of 9222 and 174?
174
Calculate the greatest common factor of 364 and 84.
28
Calculate the highest common divisor of 9 and 207.
9
Calculate the highest common factor of 2267 and 1.
1
What is the greatest common divisor of 133 and 5852?
133
What is the greatest common divisor of 287 and 1476?
41
What is the highest common factor of 286 and 78?
26
What is the greatest common divisor of 31 and 713?
31
Calculate the greatest common factor of 23 and 69.
23
Calculate the greatest common factor of 1647 and 675.
27
Calculate the highest common divisor of 319 and 1508.
29
Calculate the greatest common factor of 27 and 3.
3
What is the highest common factor of 56 and 245?
7
What is the greatest common divisor of 18 and 51606?
18
Calculate t